{"id":138,"date":"2026-04-28T20:24:07","date_gmt":"2026-04-28T23:24:07","guid":{"rendered":"http:\/\/robertogalliera.com\/?page_id=138"},"modified":"2026-04-28T20:32:11","modified_gmt":"2026-04-28T23:32:11","slug":"oportunidade-2","status":"publish","type":"page","link":"https:\/\/robertogalliera.com\/?page_id=138","title":{"rendered":"Oportunidade 2"},"content":{"rendered":"\n<figure class=\"wp-block-image aligncenter size-full is-resized has-custom-border is-style-default\"><img decoding=\"async\" width=\"1024\" height=\"1024\" src=\"http:\/\/robertogalliera.com\/wp-content\/uploads\/2026\/04\/Empresa_logistica_ativo_202604221401.jpeg\" alt=\"\" class=\"wp-image-101\" style=\"border-top-left-radius:10px;border-top-right-radius:10px;border-bottom-left-radius:10px;border-bottom-right-radius:10px;width:468px;height:auto\" srcset=\"https:\/\/robertogalliera.com\/wp-content\/uploads\/2026\/04\/Empresa_logistica_ativo_202604221401.jpeg 1024w, https:\/\/robertogalliera.com\/wp-content\/uploads\/2026\/04\/Empresa_logistica_ativo_202604221401-300x300.jpeg 300w, https:\/\/robertogalliera.com\/wp-content\/uploads\/2026\/04\/Empresa_logistica_ativo_202604221401-150x150.jpeg 150w, https:\/\/robertogalliera.com\/wp-content\/uploads\/2026\/04\/Empresa_logistica_ativo_202604221401-768x768.jpeg 768w\" sizes=\"(max-width: 1024px) 100vw, 1024px\" \/><\/figure>\n\n\n\n<h2 class=\"wp-block-heading has-text-align-center has-xx-large-font-size\"><mark style=\"background-color:rgba(0, 0, 0, 0);color:#fff\" class=\"has-inline-color\"><strong>Empresa de TI:<\/strong><\/mark><br><strong>Omnichannel Core &amp; Scale<\/strong><\/h2>\n\n\n\n<div class=\"wp-block-columns alignfull is-layout-flex wp-container-core-columns-is-layout-28f84493 wp-block-columns-is-layout-flex\">\n<div class=\"wp-block-column is-layout-flow wp-block-column-is-layout-flow\" style=\"flex-basis:25%\"><\/div>\n\n\n\n<div class=\"wp-block-column is-layout-flow wp-block-column-is-layout-flow\" style=\"flex-basis:50%\">\n<p class=\"has-text-align-center has-large-font-size\"><mark style=\"background-color:rgba(0, 0, 0, 0);color:#fff\" class=\"has-inline-color\">Converg\u00eancia Digital e Intelig\u00eancia de Consumo.<\/mark><\/p>\n<\/div>\n\n\n\n<div class=\"wp-block-column is-layout-flow wp-block-column-is-layout-flow\" style=\"flex-basis:25%\"><\/div>\n<\/div>\n\n\n\n<hr class=\"wp-block-separator has-text-color has-contrast-color has-alpha-channel-opacity has-contrast-background-color has-background is-style-wide\" style=\"margin-top:var(--wp--preset--spacing--70);margin-bottom:var(--wp--preset--spacing--70)\"\/>\n\n\n\n<div class=\"wp-block-columns alignfull has-transparent-background-color has-background is-layout-flex wp-container-core-columns-is-layout-28f84493 wp-block-columns-is-layout-flex\">\n<div class=\"wp-block-column is-layout-flow wp-block-column-is-layout-flow\" style=\"flex-basis:25%\"><\/div>\n\n\n\n<div class=\"wp-block-column is-layout-flow wp-block-column-is-layout-flow\" style=\"flex-basis:50%\">\n<p><mark style=\"background-color:rgba(0, 0, 0, 0);color:#fff\" class=\"has-inline-color\">Empresa criada em 2003 (23 anos de mercado) com foco em solu\u00e7\u00f5es de telefonia VoIP, evoluiu ao longo dos anos para se tornar um dos ecossistemas mais completos do mercado brasileiro em atendimento <strong>omnichannel<\/strong> inteligente, focado na unifica\u00e7\u00e3o da jornada do cliente, eliminando fric\u00e7\u00f5es entre o f\u00edsico e o digital com alta efici\u00eancia operacional.<\/mark><\/p>\n\n\n\n<ul class=\"wp-block-list has-base-color has-text-color has-link-color wp-elements-fbc71e84c949fe9e59519cce60807ec6\">\n<li><strong>Opera\u00e7\u00e3o S\u00f3lida: <\/strong>Plataforma robusta com arquitetura preparada para escala exponencial, com quase 3.000 clientes ativos e modelo de receita recorrente, visando a reten\u00e7\u00e3o e o aumento do LTV (Lifetime Value).<br><\/li>\n\n\n\n<li><strong>Capacidade de Execu\u00e7\u00e3o:<\/strong> Solu\u00e7\u00f5es de PABX e Call Center em nuvem, integra\u00e7\u00e3o de APIs, chatbots inteligentes e assistente de IA com efici\u00eancia cognitiva 24\/7, garantindo produtividade e escala no atendimento.<br><\/li>\n\n\n\n<li><strong>Tese de Sinergia:<\/strong> Ativo ideal para acelerar a transforma\u00e7\u00e3o digital de players tradicionais ou para integra\u00e7\u00e3o em ecossistemas de SaaS e Logtech. Ideal para grupos de varejo ou tech que buscam consolida\u00e7\u00e3o de mercado.<br><\/li>\n\n\n\n<li><strong>Local:<\/strong> Minas Gerais (Atua\u00e7\u00e3o Nacional).<br><\/li>\n\n\n\n<li><strong>Estrutura:<\/strong> 90+ Colaboradores.<br><\/li>\n\n\n\n<li><strong>Valuation:<\/strong> R$ 35 Milh\u00f5es.<br><\/li>\n\n\n\n<li><strong>Expectativa de M&amp;A:<\/strong> R$ 35.000.000,00 (Oportunidade de investimento e expans\u00e3o).<\/li>\n<\/ul>\n<\/div>\n\n\n\n<div class=\"wp-block-column is-layout-flow wp-block-column-is-layout-flow\" style=\"flex-basis:25%\"><\/div>\n<\/div>\n\n\n\n<hr class=\"wp-block-separator has-text-color has-contrast-color has-alpha-channel-opacity has-contrast-background-color has-background is-style-wide\" style=\"margin-top:var(--wp--preset--spacing--70);margin-bottom:var(--wp--preset--spacing--70)\"\/>\n\n\n\n<p><\/p>\n","protected":false},"excerpt":{"rendered":"<p>Empresa de TI:Omnichannel Core &amp; Scale Converg\u00eancia Digital e Intelig\u00eancia de Consumo. Empresa criada em 2003 (23 anos de mercado) [&hellip;]<\/p>\n","protected":false},"author":1,"featured_media":0,"parent":0,"menu_order":0,"comment_status":"closed","ping_status":"closed","template":"","meta":{"footnotes":""},"class_list":["post-138","page","type-page","status-publish","hentry"],"_links":{"self":[{"href":"https:\/\/robertogalliera.com\/index.php?rest_route=\/wp\/v2\/pages\/138","targetHints":{"allow":["GET"]}}],"collection":[{"href":"https:\/\/robertogalliera.com\/index.php?rest_route=\/wp\/v2\/pages"}],"about":[{"href":"https:\/\/robertogalliera.com\/index.php?rest_route=\/wp\/v2\/types\/page"}],"author":[{"embeddable":true,"href":"https:\/\/robertogalliera.com\/index.php?rest_route=\/wp\/v2\/users\/1"}],"replies":[{"embeddable":true,"href":"https:\/\/robertogalliera.com\/index.php?rest_route=%2Fwp%2Fv2%2Fcomments&post=138"}],"version-history":[{"count":3,"href":"https:\/\/robertogalliera.com\/index.php?rest_route=\/wp\/v2\/pages\/138\/revisions"}],"predecessor-version":[{"id":149,"href":"https:\/\/robertogalliera.com\/index.php?rest_route=\/wp\/v2\/pages\/138\/revisions\/149"}],"wp:attachment":[{"href":"https:\/\/robertogalliera.com\/index.php?rest_route=%2Fwp%2Fv2%2Fmedia&parent=138"}],"curies":[{"name":"wp","href":"https:\/\/api.w.org\/{rel}","templated":true}]}}

<figure class="wp-block-image aligncenter size-full is-resized has-custom-border is-style-default"><img decoding="async" width="1024" height="1024" src="http://robertogalliera.com/wp-content/uploads/2026/04/Empresa_logistica_ativo_202604221401.jpeg" alt="" class="wp-image-101" style="border-top-left-radius:10px;border-top-right-radius:10px;border-bottom-left-radius:10px;border-bottom-right-radius:10px;width:468px;height:auto" srcset="https://robertogalliera.com/wp-content/uploads/2026/04/Empresa_logistica_ativo_202604221401.jpeg 1024w, https://robertogalliera.com/wp-content/uploads/2026/04/Empresa_logistica_ativo_202604221401-300x300.jpeg 300w, https://robertogalliera.com/wp-content/uploads/2026/04/Empresa_logistica_ativo_202604221401-150x150.jpeg 150w, https://robertogalliera.com/wp-content/uploads/2026/04/Empresa_logistica_ativo_202604221401-768x768.jpeg 768w" sizes="(max-width: 1024px) 100vw, 1024px" /></figure>



<h2 class="wp-block-heading has-text-align-center has-xx-large-font-size"><mark style="background-color:rgba(0, 0, 0, 0);color:#fff" class="has-inline-color"><strong>Empresa de TI:</strong></mark><br><strong>Omnichannel Core &amp; Scale</strong></h2>



<div class="wp-block-columns alignfull is-layout-flex wp-container-core-columns-is-layout-28f84493 wp-block-columns-is-layout-flex">
<div class="wp-block-column is-layout-flow wp-block-column-is-layout-flow" style="flex-basis:25%"></div>



<div class="wp-block-column is-layout-flow wp-block-column-is-layout-flow" style="flex-basis:50%">
<p class="has-text-align-center has-large-font-size"><mark style="background-color:rgba(0, 0, 0, 0);color:#fff" class="has-inline-color">Convergência Digital e Inteligência de Consumo.</mark></p>
</div>



<div class="wp-block-column is-layout-flow wp-block-column-is-layout-flow" style="flex-basis:25%"></div>
</div>



<hr class="wp-block-separator has-text-color has-contrast-color has-alpha-channel-opacity has-contrast-background-color has-background is-style-wide" style="margin-top:var(--wp--preset--spacing--70);margin-bottom:var(--wp--preset--spacing--70)"/>



<div class="wp-block-columns alignfull has-transparent-background-color has-background is-layout-flex wp-container-core-columns-is-layout-28f84493 wp-block-columns-is-layout-flex">
<div class="wp-block-column is-layout-flow wp-block-column-is-layout-flow" style="flex-basis:25%"></div>



<div class="wp-block-column is-layout-flow wp-block-column-is-layout-flow" style="flex-basis:50%">
<p><mark style="background-color:rgba(0, 0, 0, 0);color:#fff" class="has-inline-color">Empresa criada em 2003 (23 anos de mercado) com foco em soluções de telefonia VoIP, evoluiu ao longo dos anos para se tornar um dos ecossistemas mais completos do mercado brasileiro em atendimento <strong>omnichannel</strong> inteligente, focado na unificação da jornada do cliente, eliminando fricções entre o físico e o digital com alta eficiência operacional.</mark></p>



<ul class="wp-block-list has-base-color has-text-color has-link-color wp-elements-fbc71e84c949fe9e59519cce60807ec6">
<li><strong>Operação Sólida: </strong>Plataforma robusta com arquitetura preparada para escala exponencial, com quase 3.000 clientes ativos e modelo de receita recorrente, visando a retenção e o aumento do LTV (Lifetime Value).<br></li>



<li><strong>Capacidade de Execução:</strong> Soluções de PABX e Call Center em nuvem, integração de APIs, chatbots inteligentes e assistente de IA com eficiência cognitiva 24/7, garantindo produtividade e escala no atendimento.<br></li>



<li><strong>Tese de Sinergia:</strong> Ativo ideal para acelerar a transformação digital de players tradicionais ou para integração em ecossistemas de SaaS e Logtech. Ideal para grupos de varejo ou tech que buscam consolidação de mercado.<br></li>



<li><strong>Local:</strong> Minas Gerais (Atuação Nacional).<br></li>



<li><strong>Estrutura:</strong> 90+ Colaboradores.<br></li>



<li><strong>Valuation:</strong> R$ 35 Milhões.<br></li>



<li><strong>Expectativa de M&amp;A:</strong> R$ 35.000.000,00 (Oportunidade de investimento e expansão).</li>
</ul>
</div>



<div class="wp-block-column is-layout-flow wp-block-column-is-layout-flow" style="flex-basis:25%"></div>
</div>



<hr class="wp-block-separator has-text-color has-contrast-color has-alpha-channel-opacity has-contrast-background-color has-background is-style-wide" style="margin-top:var(--wp--preset--spacing--70);margin-bottom:var(--wp--preset--spacing--70)"/>



<p></p>

<p>Empresa de TI:Omnichannel Core &amp; Scale Convergência Digital e Inteligência de Consumo. Empresa criada em 2003 (23 anos de mercado) [&hellip;]</p>
