{"id":79,"date":"2026-04-22T13:03:33","date_gmt":"2026-04-22T16:03:33","guid":{"rendered":"http:\/\/robertogalliera.com\/?page_id=79"},"modified":"2026-04-30T23:39:36","modified_gmt":"2026-05-01T02:39:36","slug":"oportunidade_01","status":"publish","type":"page","link":"https:\/\/robertogalliera.com\/?page_id=79","title":{"rendered":"Empresa de TI:\u00a0Cybersecurity &amp; Tech Ops"},"content":{"rendered":"\n<figure class=\"wp-block-image aligncenter size-full is-resized has-custom-border is-style-default\"><img decoding=\"async\" width=\"1024\" height=\"1024\" src=\"http:\/\/robertogalliera.com\/wp-content\/uploads\/2026\/04\/Imagem_simbolica_para_202604221359.jpeg\" alt=\"\" class=\"wp-image-100\" style=\"border-top-left-radius:10px;border-top-right-radius:10px;border-bottom-left-radius:10px;border-bottom-right-radius:10px;width:468px;height:auto\" srcset=\"https:\/\/robertogalliera.com\/wp-content\/uploads\/2026\/04\/Imagem_simbolica_para_202604221359.jpeg 1024w, https:\/\/robertogalliera.com\/wp-content\/uploads\/2026\/04\/Imagem_simbolica_para_202604221359-300x300.jpeg 300w, https:\/\/robertogalliera.com\/wp-content\/uploads\/2026\/04\/Imagem_simbolica_para_202604221359-150x150.jpeg 150w, https:\/\/robertogalliera.com\/wp-content\/uploads\/2026\/04\/Imagem_simbolica_para_202604221359-768x768.jpeg 768w\" sizes=\"(max-width: 1024px) 100vw, 1024px\" \/><\/figure>\n\n\n\n<h2 class=\"wp-block-heading has-text-align-center has-xx-large-font-size\"><mark style=\"background-color:rgba(0, 0, 0, 0);color:#fff\" class=\"has-inline-color\">Empresa de TI<\/mark><br><mark style=\"background-color:rgba(0, 0, 0, 0)\" class=\"has-inline-color has-custom-color-1-color\">Cybersecurity &amp; Tech Ops<\/mark><\/h2>\n\n\n\n<div class=\"wp-block-columns alignfull is-layout-flex wp-container-core-columns-is-layout-28f84493 wp-block-columns-is-layout-flex\">\n<div class=\"wp-block-column is-layout-flow wp-block-column-is-layout-flow\" style=\"flex-basis:25%\"><\/div>\n\n\n\n<div class=\"wp-block-column is-layout-flow wp-block-column-is-layout-flow\" style=\"flex-basis:50%\">\n<p class=\"has-text-align-center has-large-font-size\"><mark style=\"background-color:rgba(0, 0, 0, 0);color:#fff\" class=\"has-inline-color\">O Ativo do Momento com Autoridade em Defesa Digital e Escalabilidade de Squads.<\/mark><\/p>\n<\/div>\n\n\n\n<div class=\"wp-block-column is-layout-flow wp-block-column-is-layout-flow\" style=\"flex-basis:25%\"><\/div>\n<\/div>\n\n\n\n<hr class=\"wp-block-separator has-text-color has-contrast-color has-alpha-channel-opacity has-contrast-background-color has-background is-style-wide\" style=\"margin-top:var(--wp--preset--spacing--70);margin-bottom:var(--wp--preset--spacing--70)\"\/>\n\n\n\n<div class=\"wp-block-columns alignfull has-transparent-background-color has-background is-layout-flex wp-container-core-columns-is-layout-28f84493 wp-block-columns-is-layout-flex\">\n<div class=\"wp-block-column is-layout-flow wp-block-column-is-layout-flow\" style=\"flex-basis:25%\"><\/div>\n\n\n\n<div class=\"wp-block-column is-layout-flow wp-block-column-is-layout-flow\" style=\"flex-basis:50%\">\n<p><mark style=\"background-color:rgba(0, 0, 0, 0);color:#fff\" class=\"has-inline-color\">Ativo estrat\u00e9gico com 26 anos de mercado, especializado em blindagem de dados cr\u00edticos, defesa cibern\u00e9tica avan\u00e7ada (SOC pr\u00f3prio) e aloca\u00e7\u00e3o de intelig\u00eancia t\u00e9cnica para grandes players. Refer\u00eancia em conformidade LGPD e Hunting de Squads de elite.<\/mark><\/p>\n\n\n\n<ul class=\"wp-block-list has-base-color has-text-color has-link-color wp-elements-6ef33de63fb04036822171e2f6ca5ce8\">\n<li><mark style=\"background-color:rgba(0, 0, 0, 0);color:#fff\" class=\"has-inline-color\"><strong>Opera\u00e7\u00e3o S\u00f3lida: <\/strong>com 40+ clientes recorrentes e alto n\u00edvel de reten\u00e7\u00e3o. Det\u00e9m parcerias com players globais e um hist\u00f3rico de crescimento (CAGR) de 15%.<\/mark><br><\/li>\n\n\n\n<li><mark style=\"background-color:rgba(0, 0, 0, 0);color:#fff\" class=\"has-inline-color\"><strong>Capacidade de Execu\u00e7\u00e3o: <\/strong>Estrutura robusta atuando em gest\u00e3o de seguran\u00e7a de TI, servi\u00e7os e consultoria em seguran\u00e7a de TI e aloca\u00e7\u00e3o de recursos e hunting em TI, focada em SOC (Security Operation Center) e squads especializados em conformidade com a LGPD e defesa cibern\u00e9tica avan\u00e7ada.<\/mark><br><\/li>\n\n\n\n<li><mark style=\"background-color:rgba(0, 0, 0, 0);color:#fff\" class=\"has-inline-color\"><strong>Tese de Sinergia: <\/strong>Alvo ideal para consolidadores de TI ou fundos de Private Equity que buscam um &#8220;porto seguro&#8221; t\u00e9cnico para cross-selling em bases de clientes Enterprise e expans\u00e3o de margens em servi\u00e7os de elite. Neg\u00f3cio do Momento e do Futuro (perene).<\/mark><br><\/li>\n\n\n\n<li><mark style=\"background-color:rgba(0, 0, 0, 0);color:#fff\" class=\"has-inline-color\"><strong>Local:<\/strong> S\u00e3o Paulo (Atua\u00e7\u00e3o Nacional).<\/mark><br><\/li>\n\n\n\n<li><mark style=\"background-color:rgba(0, 0, 0, 0);color:#fff\" class=\"has-inline-color\"><strong>Estrutura:<\/strong> 320+ Colaboradores.<\/mark><br><\/li>\n\n\n\n<li><mark style=\"background-color:rgba(0, 0, 0, 0);color:#fff\" class=\"has-inline-color\"><strong>Valuation:<\/strong> R$ 35 Milh\u00f5es.<\/mark><br><\/li>\n\n\n\n<li><mark style=\"background-color:rgba(0, 0, 0, 0);color:#fff\" class=\"has-inline-color\"><strong>Expectativa de M&amp;A:<\/strong> R$ 35.000.000,00 (Oportunidade; neg\u00f3cio de ocasi\u00e3o).<\/mark><\/li>\n<\/ul>\n<\/div>\n\n\n\n<div class=\"wp-block-column is-layout-flow wp-block-column-is-layout-flow\" style=\"flex-basis:25%\"><\/div>\n<\/div>\n\n\n\n<hr class=\"wp-block-separator has-text-color has-contrast-color has-alpha-channel-opacity has-contrast-background-color has-background is-style-wide\" style=\"margin-top:var(--wp--preset--spacing--70);margin-bottom:var(--wp--preset--spacing--70)\"\/>\n","protected":false},"excerpt":{"rendered":"<p>Empresa de TICybersecurity &amp; Tech Ops O Ativo do Momento com Autoridade em Defesa Digital e Escalabilidade de Squads. Ativo [&hellip;]<\/p>\n","protected":false},"author":1,"featured_media":0,"parent":0,"menu_order":0,"comment_status":"closed","ping_status":"closed","template":"","meta":{"footnotes":""},"class_list":["post-79","page","type-page","status-publish","hentry"],"_links":{"self":[{"href":"https:\/\/robertogalliera.com\/index.php?rest_route=\/wp\/v2\/pages\/79","targetHints":{"allow":["GET"]}}],"collection":[{"href":"https:\/\/robertogalliera.com\/index.php?rest_route=\/wp\/v2\/pages"}],"about":[{"href":"https:\/\/robertogalliera.com\/index.php?rest_route=\/wp\/v2\/types\/page"}],"author":[{"embeddable":true,"href":"https:\/\/robertogalliera.com\/index.php?rest_route=\/wp\/v2\/users\/1"}],"replies":[{"embeddable":true,"href":"https:\/\/robertogalliera.com\/index.php?rest_route=%2Fwp%2Fv2%2Fcomments&post=79"}],"version-history":[{"count":8,"href":"https:\/\/robertogalliera.com\/index.php?rest_route=\/wp\/v2\/pages\/79\/revisions"}],"predecessor-version":[{"id":209,"href":"https:\/\/robertogalliera.com\/index.php?rest_route=\/wp\/v2\/pages\/79\/revisions\/209"}],"wp:attachment":[{"href":"https:\/\/robertogalliera.com\/index.php?rest_route=%2Fwp%2Fv2%2Fmedia&parent=79"}],"curies":[{"name":"wp","href":"https:\/\/api.w.org\/{rel}","templated":true}]}}